s digit of t?
1
What is the tens digit of 2 + -10 - (-7807 - -94)?
0
Let j = 85536 + -59669. What is the units digit of j?
7
Suppose 4*y = -5*c - 2971, -646 = -3*y + 2*c - 2903. Let i = y + 2574. What is the thousands digit of i?
1
Suppose 16*i = 108602 + 315446. What is the tens digit of i?
0
Let x = 22 - 97. Let h = 77 + x. What is the tens digit of (31 + -32)*46/(-4)*h?
2
What is the units digit of (-2205245)/98*(24/(-20) + 0)?
3
Let x(r) be the third derivative of 35*r**4/24 - 107*r**3/6 - 6*r**2 - 4*r. What is the units digit of x(15)?
8
Suppose -126*b - 60 = -132*b. Suppose -12870 = -b*m - 12*m. What is the hundreds digit of m?
5
Suppose -2*i + 54 = -44. Let u = i + -49. Suppose 4*x - 6 + 2 = u, n + 3*x = 70. What is the tens digit of n?
6
Let i(k) = k**3 - 16*k**2 + 18*k**2 + 7*k - 48 + 11*k**2. What is the hundreds digit of i(-11)?
1
Let r(m) = 5*m + 38. Let b be r(-16). Let s = 46 + b. Suppose -4*h + l - 11 + 136 = 0, -126 = -s*h + 2*l. What is the tens digit of h?
3
Let f = 227 - 302. What is the hundreds digit of ((-1312)/(-3))/((-50)/f)?
6
Let w be (63/7 - 195/2)*2/(-1). Let m = -224 - -125. Let d = m + w. What is the tens digit of d?
7
Let g(r) = 36*r + 304. Let c be g(-8). Suppose -c*j = 40*j - 15064. What is the tens digit of j?
6
Let y = 281 - 286. What is the hundreds digit of (-2195)/(-1 + -4) + y?
4
Let m be 957*(279/27 + -9). Let c = m + -818. What is the units digit of c?
8
Let n = -14208 + 29557. What is the thousands digit of n?
5
Let b(a) = a**3 + a**2 + 2*a - 2. Suppose 3*m = 3*v - 9, -v + 17 = m + 3*v. Let f be b(m). What is the units digit of (1/(-2) + f)/(3/548)?
4
What is the units digit of 23984*(-7 - -1)/(-5 - (-7 + 5))?
8
Suppose -74*t = -73*t - 3*p - 11390, 13*t + 2*p - 148316 = 0. What is the ten thousands digit of t?
1
Suppose -2113328 = -11*r - 101*r. What is the ten thousands digit of r?
1
Let p(x) = -4. Let s(q) = -92*q + 111. Let r(f) = -5*p(f) - s(f). What is the hundreds digit of r(8)?
6
Let h be 4 - ((-2780)/(-6) + (-1)/3). Let t = -731 - h. What is the hundreds digit of 90/(-12)*t/12?
1
Let n(a) = 5*a**2 - 45*a + 29. Let p(m) = m**2 - 9*m + 6. Let q(j) = -2*n(j) + 11*p(j). Let o be q(7). What is the units digit of 3 + 2*(-3)/o - 2?
2
Let i = 88376 + -45367. What is the thousands digit of i?
3
Let d = -35 - -96. Let x = 48 - d. What is the units digit of 93*1 - x/(13/(-2))?
1
Let b(l) be the third derivative of 19*l**5/60 + 8*l**4/3 + l**3/6 + 257*l**2. What is the hundreds digit of b(-6)?
3
Suppose -50*a + 10*a - 80 = 0. What is the units digit of ((-88)/a)/(-2)*-3*8?
8
Let l(q) be the second derivative of 11*q**4/12 - 2*q**3/3 + 3*q**2/2 - q + 8. What is the hundreds digit of l(-4)?
1
Suppose -163 - 21 = 2*m. Let t = m - -490. What is the hundreds digit of t?
3
Let a(k) = k**3 - 15*k**2 + 60*k - 91. What is the tens digit of a(19)?
9
Let l = -172 - -172. Suppose n - 124 - 588 = l. What is the units digit of n?
2
Suppose -6*j + 22800 - 3246 = 0. Let n = j - 2093. What is the thousands digit of n?
1
Let t(q) = q**2 + 23*q + 36. Suppose 3*i + 2*m - 17 = 3*m, 3*i = -3*m - 3. Suppose -4*f + i*z - 84 = 0, -19 - 69 = 4*f - 2*z. What is the tens digit of t(f)?
3
Let k(j) = 22*j + 154. Let m be k(-7). What is the hundreds digit of (1440/(-5))/(-1) + m?
2
Suppose -2*m = 13 + 19. Let y be (m/3)/4*(-114)/(-4). Let w = 6 - y. What is the units digit of w?
4
Let a = 44610 - 23575. What is the ten thousands digit of a?
2
Let u = -2779 + 7379. What is the units digit of u?
0
Let j = 215 - 112. Let n = j + 4. Suppose 2*r - n = -3*w, 54 = 3*w + 5*r - 56. What is the units digit of w?
5
Let o(b) = -b - 6. Let m be o(-6). Suppose 4*s + 5*n - 948 = m, 3*s = -4*n - 7 + 718. What is the hundreds digit of s?
2
Suppose -3*l - 8*t + 106470 = 0, 121276 = 3*l + 5*t + 14788. What is the tens digit of l?
0
Let o(z) = -5*z**2 - z + 8. Let x(y) = -14*y**2 - 3*y + 23. Let g(n) = -17*o(n) + 6*x(n). Let p be g(3). Suppose 21*k = p*k + 1157. What is the tens digit of k?
8
Suppose -3*h = 3*d - 90, -h - h - 178 = -5*d. Let q be 1 - -3 - (-1 - -1). Suppose -j = 1, -2*j - 500 - d = -q*y. What is the units digit of y?
3
Let h = 113 + 47. Suppose -g = 23 - h. What is the tens digit of g?
3
Suppose -t + 3*p + 20901 = 6*p, 2*p + 20936 = t. What is the tens digit of t?
2
Let d(b) = 5484*b**2 + 28*b - 11. What is the hundreds digit of d(1)?
5
Let j = -819 + 455. Let a = -191 - j. What is the hundreds digit of a?
1
Let y(j) be the first derivative of j**3 - 5*j**2 + 8*j - 106. What is the units digit of y(-5)?
3
Let u = 38 + -36. What is the tens digit of (6 - 3) + 57 + u?
6
Suppose 0 = 32*u - 36*u + 856. What is the units digit of u/6 + 2/(-3)?
5
Suppose -5*q = -4*n + 16350, -5 = -3*n + 2*n. What is the tens digit of (-2)/12 - q/12?
7
Let i be (-4)/40*8*-160. What is the tens digit of 42/10*(-10 - (-7 - i))?
2
Suppose 0 = 2*l + 2*h - 3074, -h + 2203 + 878 = 2*l. What is the thousands digit of l?
1
What is the units digit of 24/(-8) + 1 - (-24572)/4?
1
Let n = 20068 + -8378. What is the tens digit of n?
9
Let b = -34457 + 109053. What is the tens digit of b?
9
Let b be (41 - 1717)*(0 + -1 - 1). Suppose -2*f + 1690 = l, -3*f = l - 3*l + b. What is the thousands digit of l?
1
What is the ten thousands digit of (8/10*165/22)/(-1) - -15848?
1
Suppose -22*t = -38*t + 176. Suppose 3*n - 1637 = 2*f, f = t*n - 14*n + 1625. What is the hundreds digit of n?
5
Let z(r) be the second derivative of 19*r**3/3 + 47*r**2 + r + 17. What is the units digit of z(11)?
2
Let j = -100 + 89. What is the hundreds digit of 2/j - 48217/(-143)?
3
Let u(n) = -n**3 + 16*n**2 + 27*n + 9. Let v be u(17). Suppose 2*s + g = v, -4*s + 2*g + 170 = -2*s. What is the units digit of s?
8
Suppose 0 = -3*h - 0*h, o - 96*h = -97*h + 243. What is the units digit of o?
3
Let f(v) = 201*v + 34. Let x(w) = -202*w - 33. Let z(r) = -3*f(r) - 4*x(r). What is the thousands digit of z(5)?
1
Let w(y) = 0 - 1147*y + 1848*y - 1. What is the hundreds digit of w(1)?
7
Let t = 362 + 134. Suppose -t = 5*r - 2*m - 3332, 0 = -4*r - 5*m + 2282. What is the tens digit of r?
6
Suppose -13 = -4*r - 25, -3*r = 4*t - 3. Suppose -6*d + t*d + 3384 = 0. What is the hundreds digit of d?
1
Suppose 85*h + 78*h = 715081. What is the thousands digit of h?
4
Let a = -8735 + 12312. Suppose -3*t = 5*y - a, -y - 181 - 1006 = -t. What is the thousands digit of t?
1
Suppose -99*h - 15*h - h = -125695. What is the thousands digit of h?
1
Suppose -8*j + 8986 = -3*g - 9*j, 4*g + j = -11982. What is the units digit of 8/36*-3 + g/(-21)?
2
Let o(n) = n - 14. Let x be 3 - (-4)/(-3)*-6. Let g be o(x). Let k = 130 - g. What is the units digit of k?
3
Suppose -4*a = 4*y - 33200, 0 = -3*a - 1231*y + 1236*y + 24908. What is the units digit of a?
1
Suppose 9*c - 28 = 2*c. Suppose 5*u + 4*d - 428 = 1100, -604 = -2*u - c*d. What is the hundreds digit of u?
3
Suppose 2 + 4 = 5*r - 2*k, r = 3*k - 4. Let z be (-1)/(-1) - r - 100/(-4). What is the units digit of 148 - (z/14 + 8/28)?
6
Let x = 580 - 475. What is the tens digit of 14/x + 12326/30?
1
Let d(a) = -280 + 7 + 55*a + 16*a**2 - 3*a**2 - 135. What is the tens digit of d(8)?
6
What is the thousands digit of ((-291824)/(-305))/(-2 + 64/30)?
7
Let l be (-369)/6*(-2)/3. Let m = l - -139. Let v = m - 102. What is the units digit of v?
8
Let p(j) = -50*j - 4. Suppose 56*l = 57*l - 2. Let v be p(l). Let t = v + 118. What is the units digit of t?
4
Let z be (0 - 1) + 56/24*50511. What is the units digit of (-1)/(-5)*-2 + z/195?
4
What is the hundreds digit of (55245240/(-767))/(-4) - 1/(-13)?
0
Let c = 11653 + 7801. What is the thousands digit of c?
9
Let d = -44 - -38. Let c be d*(-3)/(-3)*-1. Suppose 5*i - c*i = -j - 69, -162 = -2*i - 4*j. What is the units digit of i?
3
Suppose -10 + 2 = 4*z, 0 = 3*w + 3*z - 171. Suppose -w = q - 2*q. Let y = 19 + q. What is the tens digit of y?
7
Suppose -178*k + 695700 = -118*k. What is the ten thousands digit of k?
1
Suppose 3*w - 58560 = -7*f, 33465 = 4*f + 6*w - 5*w. What is the units digit of f?
7
Suppose 0 = -5*j - 10, 7480 = -922*n + 923*n - 3*j. What is the thousands digit of n?
7
Let u = 8384 - -1396. Suppose 0 = -36*c + u + 19596. What is the units digit of c?
6
Suppose 12*w - 10 = 2. Let n be (7 - 11)/(w/(-2)). Suppose -6*o + n*o - 2 = 0, 